= -g**3 + 8*g**2 + 3*g - 8. Let d be v(m). Calculate the greatest common divisor of d and 128.
16
Let n be 2/(-1)*(-5 - 1). Let h(b) = b**3 + 5*b**2 - b - 1. Let r be h(-5). Suppose -49 = -r*d + 23. What is the greatest common divisor of d and n?
6
Let z be (-1)/(-1)*10 - 0. Let f(y) = y**3 + 5*y - 1. Let m be f(-4). Let t = m + 155. What is the highest common factor of t and z?
10
Let w(f) be the first derivative of f**3/3 - 3*f**2/2 + 5. Let p be w(4). Calculate the greatest common divisor of p and 2.
2
Let i(o) be the third derivative of o**4/24 - o**3/3 + 2*o**2. Let f be i(3). Let q be ((-6)/12)/(f/(-2)). What is the highest common factor of q and 4?
1
Let i(o) = 4*o**2 + 2*o + 6. Let d = -8 + 3. Let l be i(d). What is the highest common divisor of 24 and l?
24
Let t(s) = -6*s**3 + 9*s**2 + 5*s**3 - 7*s - s. Let u be t(8). Suppose u = d - 5. What is the greatest common factor of d and 25?
5
Let n(t) = t**3 + 3*t - 6. Let v be n(3). Calculate the highest common divisor of 15 and v.
15
Let g be 2/(-6) + (-442)/(-3). Suppose -5*n - 65 + 220 = 0. Let f = n - 10. Calculate the greatest common divisor of f and g.
21
Let b = 44 + 91. Calculate the highest common factor of 45 and b.
45
Suppose 3*q - 4*q - 6 = -2*z, 0 = 2*q + 2*z + 12. Let i = q - -16. What is the highest common divisor of i and 40?
10
Let w be (-1)/((-2)/7)*4. Suppose 0 = -5*r + 4*r + 37. Suppose -2*s - p + 20 = p, -3*p + r = 4*s. Calculate the greatest common divisor of s and w.
7
Suppose -6*s = -s - 215. Suppose 5*z - i - 91 = 0, -4*z - 2*i = -27 - s. What is the greatest common divisor of 2 and z?
2
Suppose 5*n + 23 - 58 = 0. Calculate the highest common divisor of 77 and n.
7
Let j(p) = 2*p**3 + 3*p**2 - 3*p + 2. Let n be j(2). What is the greatest common factor of n and 6?
6
Suppose 0 = -3*d + 18 + 6. Calculate the highest common divisor of d and 12.
4
Let s(k) = 1 + 3 + k + 0*k. Let v be s(-4). Suppose -5*t - 4*a + 1 = 4, v = 3*a + 6. What is the greatest common divisor of t and 2?
1
Suppose -2*u + 20 + 0 = 0. Suppose -4*h = -4 - 8. Suppose -2*z + 8 = 4*d, h*z - 5*d = z - 1. Calculate the highest common factor of u and z.
2
Suppose z - 26 = -z. Suppose 3*l - 117 = -q + l, 117 = q - 3*l. What is the highest common factor of z and q?
13
Let j be (14/(-4))/((-2)/4). Let b be (-9)/(-6)*28/6. Let y be 4*b*(9 - 8). What is the highest common divisor of j and y?
7
Let k = -100 - -191. Calculate the highest common divisor of 26 and k.
13
Let q(b) = -b**3 - 3*b**2 - 13*b - 27. Let l be q(-7). What is the highest common factor of 20 and l?
20
Let u be 19/7 + 2/7. Let k be (2/(-3))/(3/(-9)). Suppose u*t = -k*t + 65. Calculate the highest common divisor of 117 and t.
13
Suppose 6*t - 35 = 61. Calculate the highest common factor of t and 48.
16
Suppose -y + 23 = l, -2*y = -4*l + 2*y + 68. Let a be (2*6)/(8/l). Calculate the greatest common divisor of 15 and a.
15
Let o be 7*(3 + 5 + -3). Suppose 5*u - 2*p + 3*p - o = 0, -2*u - 4 = 4*p. What is the greatest common divisor of 16 and u?
8
Suppose 0 = 4*x - 790 + 122. Suppose -5*p + x = -t - 170, 0 = 5*p - 2*t - 339. Let k = p - 19. What is the highest common divisor of k and 6?
6
Suppose p - 1 - 3 = 0. Suppose p*q - 52 = -4*u, 2*u = 2*q + q + 36. Calculate the highest common divisor of u and 15.
15
Let z(a) = -a**2 + 16*a + 2. Let w be z(9). Suppose w + 78 = q. Calculate the greatest common factor of 13 and q.
13
Let p be ((-36)/24)/(1/(-8)). What is the greatest common factor of 24 and p?
12
Let c(y) be the first derivative of -y**3/3 + 4*y**2 - 7*y - 1. Let l be c(5). Let k be (-24)/l - (-1 - 82). What is the greatest common factor of 10 and k?
10
Let m(l) = 3*l**3 - l**2 - l + 1. Let n be m(1). Suppose 0 = n*c - 81 - 85. Let i = -59 + c. What is the highest common divisor of i and 60?
12
Let j = -31 - -32. Suppose g = 4, 0 - 3 = w - g. Calculate the greatest common factor of w and j.
1
Let d = -10 - -73. Suppose f = -z + 6*z - d, 4*z - 54 = 2*f. What is the highest common factor of z and 132?
12
Suppose k - j + 3 - 16 = 0, -k = -5*j - 17. Calculate the greatest common factor of 12 and k.
12
Let f(x) be the third derivative of 7*x**4/12 - 7*x**3/6 - 2*x**2. Let w be f(6). Let b = -5 + 12. Calculate the highest common factor of w and b.
7
Suppose -148 - 132 = -7*y. Let t(r) = 9*r + 6. Let s be t(6). What is the greatest common factor of s and y?
20
Suppose -2*k - 2 = 0, -2*w + 7*w + 2*k = 448. What is the greatest common divisor of w and 18?
18
Let t = -188 - -190. Calculate the greatest common factor of 14 and t.
2
Suppose -3*h + 118 + 26 = 0. Calculate the highest common divisor of h and 24.
24
Suppose 2*h = -3*s + 15, 5*s - 21 = 2*h - 4*h. What is the highest common factor of 15 and h?
3
Let t(f) = f + 5. Let s be t(10). Calculate the highest common factor of 15 and s.
15
Suppose -2*l + 4*m + 44 = 0, -5*m + 13 = -l - 10*m. Calculate the highest common factor of l and 48.
12
Let c(h) = -h**2 - 7*h + 1. Let f be c(-7). What is the highest common divisor of f and 2?
1
Let t be (-33 - -1)/((-2)/12). Calculate the greatest common factor of 6 and t.
6
Suppose 3*s = 2*s + 5*z - 19, 5*s = -5*z + 25. Let x(f) = 131*f**2 - 3*f + 2. Let g be x(s). What is the greatest common factor of g and 26?
26
Let m(y) = y**2 + 5*y + 3. Let o be m(-5). Suppose -o*n = -6*n + 63. Let r(l) = l + 1. Let h be r(2). Calculate the greatest common divisor of n and h.
3
Let d(m) = -3*m + 8. Let u(w) = 7*w - 16. Let h(j) = 9*d(j) + 4*u(j). Let g be h(7). Calculate the greatest common factor of 15 and g.
15
Let x(m) = -m**3 + 4*m**2 + 2*m - 7. Let l be x(3). Suppose -u - 1 = 0, 158 + 39 = 5*n + 3*u. Calculate the greatest common factor of n and l.
8
Let k(z) = -2*z**3 - z**2 + z - 6. Let h be k(-3). What is the highest common divisor of h and 24?
12
Suppose 2*a + 3*j + 10 = j, -5*a + 2*j + 3 = 0. Let t be (-3)/(0 + 3)*a. What is the highest common divisor of t and 1?
1
Let h(v) = -2*v**3 - 8*v**2 - 3*v - 1. Let r(t) = -t**2 + t + 1. Let c be r(-2). Let z be h(c). Calculate the greatest common divisor of 16 and z.
16
Let q(j) = -j**3 + 2*j - 1. Let r(f) = f**2 - 9*f + 9. Let a be r(8). Let l be q(a). Suppose 2*g - 38 + 0 = l. What is the highest common factor of 133 and g?
19
Suppose -f + 30 = -6. What is the greatest common divisor of 108 and f?
36
Suppose -3990 = -3*z - 11*z. Calculate the highest common factor of 15 and z.
15
Suppose -3*l + 0*f = f - 53, 2*f + 8 = 0. Suppose 3*h = -3*t + h + 36, 2*t + 3*h = l. Calculate the highest common factor of 7 and t.
7
Let l = 49 - 16. What is the greatest common divisor of 3 and l?
3
Let c(v) = 44*v - 12. Let n be c(3). Calculate the greatest common divisor of 48 and n.
24
Let z(s) = -s**3 - s**2 - s + 16. Let n be z(0). Suppose -5*o = -5*p - 0*o + 20, -3*p + o = -n. What is the greatest common factor of p and 24?
6
Let c be (1 - -11) + -11 + 10. Calculate the highest common factor of 11 and c.
11
Let u(w) = w**2 - w + 2. Let k be u(2). Let r(m) = -10*m**3 - 3 - 2*m**2 - 4*m - k*m + 5*m. Let j be r(-2). Calculate the highest common factor of 30 and j.
15
Suppose -5*d = -6*s + 4*s - 14, -12 = -4*s. Suppose j = -d*m + 4 + 24, 0 = 3*m + j - 21. What is the highest common factor of m and 14?
7
Let k = -47 + 60. What is the greatest common factor of 195 and k?
13
Let n(l) = l + 5. Let b be n(-4). Suppose -3*q - 4*g = -2*q + 12, 0 = -3*g - 6. Let i = 5 - q. What is the highest common divisor of b and i?
1
Let p = 0 - -2. Let t be (16 + -1)*(p + -1). What is the highest common factor of t and 15?
15
Let k = -58 - -69. What is the highest common factor of k and 22?
11
Let y = 6 + -2. Suppose 0*t = 3*t + 4*l - 639, y*l = 12. What is the greatest common divisor of t and 19?
19
Let f = 4 + 34. Suppose v - f = -v. Let p be -4*((-171)/12)/3. What is the highest common divisor of v and p?
19
Suppose -4*x - c + 5 = 2*c, 5*c + 11 = 3*x. Calculate the highest common factor of 5 and x.
1
Let i(f) = -f**2 + 9*f - 10. Let t be i(6). What is the greatest common factor of t and 104?
8
Let c = 48 - 42. Suppose -z - 4 = 10. Let f be (-60)/z*21/3. Calculate the greatest common factor of f and c.
6
Let g be (-2)/((-6)/51)*(-5)/(-5). Suppose 2*h - 3*s = -0*h - 229, s - 3 = 0. Let i = h + 229. What is the greatest common factor of i and g?
17
Let u(